e 11, what is -677 + 3a5?
-282
In base 10, what is 3 + -42000?
-41997
In base 9, what is -3 - -2536432?
2536428
In base 7, what is 603 + -60?
513
In base 13, what is 6 + c9a43?
c9a49
In base 13, what is 5b52 - -88?
5c0a
In base 15, what is -1cd + -9?
-1d7
In base 14, what is 45c1 - 66?
4559
In base 10, what is 314438 - 4?
314434
In base 10, what is -74 + -408?
-482
In base 11, what is 244 + 1216?
145a
In base 14, what is 5d - -2b71?
2bd0
In base 13, what is 10867b + 1?
10867c
In base 13, what is -31 - -3897?
3866
In base 6, what is -42 + -253?
-335
In base 2, what is -1000 - 1000001010101110111?
-1000001010101111111
In base 10, what is -44272 + 10?
-44262
In base 9, what is 82836 + 5?
82842
In base 3, what is 1012100012012 - 2?
1012100012010
In base 15, what is 17 - -48a?
4a2
In base 7, what is -22 + -1303164?
-1303216
In base 11, what is -65 - -1119?
1064
In base 15, what is -896e + 2?
-896c
In base 15, what is 19 + 18354?
1836d
In base 6, what is -3201 + -410?
-4011
In base 7, what is 301 + 6335?
6636
In base 2, what is 10001100010111 + 11010110?
10001111101101
In base 8, what is 366057 + 3?
366062
In base 3, what is 2022202 - -1?
2022210
In base 14, what is -1019b + 5?
-10196
In base 14, what is -4ad6d - 2?
-4ad71
In base 8, what is 3 + -125762?
-125757
In base 2, what is -100001 + 111100100001?
111100000000
In base 7, what is -40411 + -1?
-40412
In base 7, what is 112 + -121?
-6
In base 8, what is -136 + -1662?
-2020
In base 9, what is 156814 - 2?
156812
In base 13, what is 5a53 - 6?
5a4a
In base 6, what is -42 - -2134?
2052
In base 7, what is 253 + -6463?
-6210
In base 3, what is -1 + -2022000111?
-2022000112
In base 10, what is 3 - -966?
969
In base 13, what is 25 - -3a2?
3c7
In base 9, what is 36578 + 86?
36675
In base 16, what is 374 + -1ad?
1c7
In base 9, what is 4 - 37525?
-37521
In base 3, what is 12222202221 - 101?
12222202120
In base 11, what is -a26a - 19?
-a288
In base 8, what is -200375 - -3?
-200372
In base 5, what is -14433244 - -4?
-14433240
In base 14, what is -17 - -4d666?
4d64d
In base 9, what is -4 - -8707?
8703
In base 6, what is 2 - 505413?
-505411
In base 5, what is -2113 + 31?
-2032
In base 10, what is -54 + 561?
507
In base 9, what is -117 - -34?
-73
In base 13, what is -5 - -11aa8?
11aa3
In base 15, what is 843 - -14?
857
In base 9, what is -3 + 15231?
15227
In base 5, what is 21430113 + -21?
21430042
In base 4, what is -1303110 - 0?
-1303110
In base 2, what is 1 - 1000110110?
-1000110101
In base 12, what is -a - 9173?
-9181
In base 16, what is -94e0 - -d?
-94d3
In base 14, what is 50567 + 4?
5056b
In base 4, what is 213323 - 11?
213312
In base 16, what is -1558 + -9?
-1561
In base 11, what is 7459 - 22?
7437
In base 5, what is -300321111 - -10?
-300321101
In base 9, what is 123606 - 6?
123600
In base 12, what is 254 + 36?
28a
In base 10, what is -453 + 11?
-442
In base 11, what is -5 + -9474a4?
-9474a9
In base 11, what is -5 - 9176?
-9180
In base 3, what is 102102 - 1100?
101002
In base 9, what is -30 - -641?
611
In base 8, what is 10 + -57573?
-57563
In base 7, what is 2 - 3622423?
-3622421
In base 15, what is -894a - 1?
-894b
In base 15, what is 27c - -143a?
16b7
In base 16, what is -1 + 33889?
33888
In base 14, what is -3 - -15a7?
15a4
In base 12, what is -18a92 + 5?
-18a89
In base 6, what is 125151431 + -5?
125151422
In base 9, what is -283058 - 1?
-283060
In base 11, what is -905a - -28?
-9032
In base 7, what is 36562260 - -4?
36562264
In base 6, what is 2 - -550?
552
In base 7, what is -1 - -2016211?
2016210
In base 10, what is -16957 + 4?
-16953
In base 6, what is -1 - 1504010?
-1504011
In base 7, what is 106315 + -5?
106310
In base 14, what is 4 - -5479?
547d
In base 5, what is 2123214 + 1?
2123220
In base 12, what is 2 + a32?
a34
In base 6, what is -40234 - 5?
-40243
In base 13, what is -1c - -5178?
5159
In base 9, what is 468 + 100?
568
In base 6, what is -1 + -223121?
-223122
In base 9, what is -1020052 - 0?
-1020052
In base 2, what is 11000010111 + -111?
11000010000
In base 12, what is 26b5472 - -1?
26b5473
In base 6, what is 30 + 111011?
111041
In base 10, what is 5 + 11629?
11634
In base 16, what is 5b - -16?
71
In base 15, what is -3d - 25b?
-299
In base 14, what is 3157c + 4?
31582
In base 8, what is -21777 - -25?
-21752
In base 6, what is 1 - 1053200?
-1053155
In base 3, what is 102 + -20202110?
-20202001
In base 16, what is 590c + 30?
593c
In base 2, what is -11110011011 + -1000110?
-11111100001
In base 13, what is 1a + -10a6b?
-10a51
In base 3, what is -1 - 1001121111?
-1001121112
In base 9, what is -37 - -18673?
18635
In base 13, what is -3 - -49199?
49196
In base 10, what is -6362925 - -4?
-6362921
In base 3, what is 2201220 + -20?
2201200
In base 11, what is -95 + 4661?
4577
In base 10, what is 7676 - 40?
7636
In base 12, what is -a4 + 5b7?
513
In base 8, what is -22612 - -2?
-22610
In base 12, what is -25 + 149?
124
In base 14, what is 7 + 2b35?
2b3c
In base 14, what is -4 + -100b?
-1011
In base 15, what is -4 - -4dd19?
4dd15
In base 13, what is -7 - -b1?
a7
In base 4, what is 1 + -101033001?
-101033000
In base 16, what is bb3 - 6?
bad
In base 13, what is 3a72 + 5?
3a77
In base 5, what is -3 + -2021134?
-2021142
In base 13, what is 5 + -21115?
-21110
In base 4, what is 1012021 - -1?
1012022
In base 16, what is -12d - -134?
7
In base 7, what is 4053 + 3226?
10312
In base 7, what is 0 - -4324301?
4324301
In base 3, what is 11 - 121100120211?
-121100120200
In base 7, what is 2616 + -60?
2526
In base 3, what is -1112122002 + 0?
-1112122002
In base 5, what is -3 - 1014003?
-1014011
In base 3, what is -12 + 1200110111?
1200110022
In base 4, what is 10 - -231331301?
231331311
In base 3, what is 1201 + -1100112212?
-1100111011
In base 7, what is -10441 - 153?
-10624
In base 4, what is -1 - 2011210132?
-2011210133
In base 15, what is 2 - -11c5?
11c7
In base 9, what is -366 + -134?
-511
In base 14, what is 7c - -35d?
3db
In base 10, what is -1401 - 15?
-1416
In base 3, what is -110002 + 11020?
-21212
In base 13, what is 190b - -313?
1c21
In base 10, what is 5789 + 201?
5990
In base 5, what is 1324411 - -4?
1324420
In base 12, what is 3 - a75?
-a72
In base 12, what is -22a96 + -1?
-22a97
In base 10, what is -1883 + 38?
-1845
In base 6, what is -1323 + -3423?
-5150
In base 14, what is 5b77b + -5?
5b776
In base 10, what is -116 - -278?
162
In base 8, what is 23 + 14514?
14537
In base 15, what is 228 - -80e?
a37
In base 9, what is -106841 - -28?
-106812
In base 3, what is 220000100021 + -2?
220000100012
In base 8, what is 10602 - 26?
10554
In base 10, what is 11999 - 5?
11994
In base 15, what is 34 - -11de?
1223
In base 15, what is 4 + -2ab4?
-2ab0
In base 3, what is 22 + -1021121220?
-1021121121
In base 9, what is -813024 - -4?
-813020
In base 6, what is 1434 + 2?
1440
In base 6, what is -22445 + -124?
-23013
In base 14, what is -4221 + -18c?
-43ad
In base 6, what is -212 + -2245?
-2501
In base 4, what is -33020230 + 11?
-33020213
In base 10, what is -5076 - -108?
-4968
In base 10, what is -4502 + 84?
-4418
In base 13, what is 1c - 119b?
-117c
In base 3, what is 21 - 112020200?
-112020102
In base 6, what is 14335 + 322?
15101
In base 6, what is -1000 + 24335?
23335
In base 12, what is -1441 - -14?
-1429
In base 11, what is 3904 + 40?
3944
In base 3, what is -120122 + -10022?
-200221
In base 8, what is 164633 + 5?
164640
In base 9, what is 44 + -564?
-520
In base 14, what is -d19c4d + 0?
-d19c4d
In base 6, what is 45152 - -3533?
53125
In base 6, what is 2 - 120410?
-120404
In base 14, what is 0 - 3783?
-3783
In base 13, what is -12 - 32?
-44
In base 10, what is 8 - 5528?
-5520
In base 7, what is -146 + -13022?
-13201
In base 7, what is -1 + -2431534?
-2431535
In base 8, what is 566 + -15733?
-15145
In base 3, what is 2010212220 - 0?
2010212220
In base 6, what is -123014 - -1?
-123013
In base 14, what is 787 - -84?
82b
In base 13, what is 5c + 78?
107
In base 12, what is -223 + 1067?
a44
In base 11, what is 12966 - -69?
12a24
In base 6, what is 123204 - -31?
123235
In base 5, what is -1022143 - -14?
-1022124
In base 9, what is 14 + -3602?
-3577
In base 4, what is -2231 - 332111?
-1001002
In base 3, what is -12100110 + 112?
-12022221
In base 9, what is 0 + 6765?
6765
In base 6, what is 2 + 2235000?
223